-g**3 - 3*g**2 - 2*g - 3. Let f be i(-3). Suppose -5*z + f = -17. Determine v(z).
-1
Let u(x) = x**3 + 6*x**2 + 5*x + 4. Let g be u(-5). Let i = 3 - g. Let d(f) = 10*f**2 + f. What is d(i)?
9
Let l(s) be the third derivative of -s**5/120 - s**4/24 + s**3/3 + 5*s**2. Let f(d) be the first derivative of l(d). What is f(0)?
-1
Let r = 1 + 1. Suppose 0*q - 4 = -r*q. Let j(l) = 5*l**2 + 5*l + 4. Let c(d) = -4*d**2 - 4*d - 3. Let k(h) = 6*c(h) + 5*j(h). Determine k(q).
8
Let f = 3 - 5. Let v(y) be the second derivative of y**5/10 + y**4/6 + y**3/6 - y**2 - 134*y. What is v(f)?
-12
Let v(m) = -m**2 - 3*m + 4. Let y be v(-5). Let l = -7 - y. Let k(o) = 3*o - 1. Give k(l).
-4
Let w(n) = -n + 4. Suppose -2*g = -8 - 4. Let q be ((-6)/(-3))/((-2)/5). Let x(s) = -2*s + 5. Let j(d) = g*w(d) + q*x(d). Determine j(1).
3
Let h(s) be the first derivative of -s**6/120 - s**5/15 + 5*s**4/24 - 7*s**3/6 - 2*s**2 - 3. Let u(m) be the second derivative of h(m). Calculate u(-5).
-7
Suppose -15*g + 54 = 12*g. Let n = 8 - 6. Let j(o) = 2 - 5*o**2 + o + 5*o**n - 2*o**2. Calculate j(g).
-4
Let j(w) = -2*w - 142*w**2 - 1 + 0 + 128*w**2. Calculate j(-1).
-13
Let n be (-4)/(3/(6/(-2))). Let d(j) = -3 - n*j + j + 2*j - 2*j - 2*j**2. What is d(-2)?
-5
Let a = -9 + 4. Let h(y) = y + 0*y + 4 + 0*y. What is h(a)?
-1
Suppose 0 = -3*v - 3*b, -v - b = b + 3. Let y(a) = 0*a**2 - 5*a**3 + 0*a**3 + a**2 - 1 - a**v. What is y(1)?
-6
Let w(j) = 11*j. Let s(f) = f + 1. Let q(z) = s(z) - w(z). Let p(u) = -2*u. Let b be p(4). Let a(m) = -m**2 - 9*m - 7. Let y be a(b). Calculate q(y).
-9
Let h(r) = -r - 1. Let z(t) = t**2 - 2*t - 2. Let f(j) = -3*h(j) + z(j). Let c be f(-1). Let p(m) = m**3 - 3*m + 2*m**2 - 4 + c + 0*m. What is p(-2)?
3
Let y(a) be the first derivative of -1/4*a**4 - 3/2*a**2 + a + a**3 + 2. Suppose -2*d = -t - 4, d + d = -4*t + 14. Give y(d).
-8
Suppose 0 = 5*w - 17 - 58. Suppose 0 = 4*m - h + w, 0 = -2*m + 6*m - 5*h - 5. Let q(a) be the first derivative of -a**2/2 - 7*a + 2. Give q(m).
-2
Let k(a) = a + 11. Let n be k(-9). Let m(x) = -x**2 - 4*x + 28 - 2*x**2 - 29 + 4*x**n. What is m(2)?
-5
Let m(u) = 2*u - 3. Let j(b) = b + 4. Let w be j(0). Suppose -3*o + 18 + 0 = 0. Suppose o + w = 5*a. Calculate m(a).
1
Let y(q) = q**2 - 15*q + 18. Let a be y(14). Suppose 0 = 2*p - 6 - 2. Let c(h) = -p - h + 2*h + 2. Give c(a).
2
Suppose -2*k = 2*k + 8. Let s be (-1 - k)/((-2)/(-6)). Let b(a) = 4*a - s + a + 2. Determine b(2).
9
Let x(z) = 4*z - 4. Let o(j) = j**3 + 14*j**2 + 12*j - 6. Let v be o(-13). What is x(v)?
24
Let z(x) be the first derivative of -x**4/4 + 4*x**3/3 - x**2/2 + 1. What is z(3)?
6
Let g(y) = -y**3 - 2*y**2 - y. Suppose -2*a + 3*a + 2 = 3*j, 4*a + 16 = 4*j. Let w be g(j). Let q(f) = 6 + 3*f**2 - 2 + w - 2*f**2 + 5*f. Calculate q(-3).
-2
Let n(r) = r**2 - 3*r - 1. Suppose -x = -2*x - d, 0 = -3*x + 5*d + 16. Suppose -3*s + 2*c + 21 = 0, -7*c = -4*s - x*c + 35. Determine n(s).
9
Let q(z) = -13*z + 5. Suppose -m + 4 = -0*m. Suppose 4*i + 28 = -0*i. Let x(a) = -7*a + 2. Let s(j) = i*x(j) + m*q(j). What is s(4)?
-6
Suppose -3 = -5*q + 22. Let v be q*(2 + 2/(-2)). Let t(k) = -k - 5. What is t(v)?
-10
Let s(g) = 3*g - 8. Let f(t) = -t + 3. Let y(o) = -11*f(o) - 4*s(o). What is y(2)?
-3
Let h be 8/12 + (-22)/6. Let v(l) = 3*l**2 - 2*l + 2. Let g(s) = 5*s**2 - 3*s + 3. Let q(k) = -5*g(k) + 8*v(k). Calculate q(h).
-5
Suppose -w + 3*w = 92. Let y be 16/56 + w/(-14). Let r(c) = -c**3 - c**2 + c - 2. Calculate r(y).
13
Let i(s) be the first derivative of s**3/3 + 3*s + 2. Let f(v) = -v**3 + 3*v - 2. Let o be f(2). Let l be (o - -2) + (2 - 0). Calculate i(l).
3
Let m(c) = -c**2 + 4*c - 1. Suppose -6*r + 120 = -2*r. Let f be ((-7)/(-21))/(2/r). Calculate m(f).
-6
Let q(u) = -u**2 - 4*u. Suppose 5*o = 4*i + 40, -5*i + i = -3*o + 32. Suppose -o*k - 20 = k. Calculate q(k).
0
Let b(h) = -2*h - 7 + 5*h - h. Let r be (-13)/(-3) - (-12)/18. Determine b(r).
3
Let l(r) be the second derivative of -r + 0*r**2 + 1/72*r**6 + 0 - 1/2*r**3 + 0*r**4 + 1/120*r**5. Let k(y) be the second derivative of l(y). Give k(1).
6
Suppose 2*z + 7 = -5. Let t(x) = x. Calculate t(z).
-6
Let d be (-8)/28 - (-12)/(-7). Let i be d/6 - (-55)/(-15). Let p(g) = 0 - 3 - 2*g + 0*g. What is p(i)?
5
Let m(r) be the second derivative of -5*r**3/6 - 17*r**2/2 + 3*r. Let o(y) = 2*y + 8. Let t(g) = -3*m(g) - 7*o(g). Determine t(4).
-1
Suppose r = l - 7, 5*l - 2*l - 1 = -r. Let s(a) = a - 5. Give s(r).
-10
Let m(c) = c**3 + 5*c**2 - 2*c + 6. Suppose 2*j - 20 = 4*a, 0 = a - 4*j - 1 - 1. Calculate m(a).
-18
Let s(w) = w. Let q(r) = -7*r - 1. Let l(y) = -q(y) - 4*s(y). Give l(2).
7
Let q(d) = d - 2*d - 6 + d**2 + d. Determine q(0).
-6
Let u(a) be the first derivative of a**3/3 - 7*a**2/2 + 8*a - 3. Let n(z) = -4*z - 2. Let j be n(-2). What is u(j)?
2
Let x(r) = r + 1. Let o = 4 - 9. Let g(v) = v**2 + 6*v + 7. Let n be g(o). Give x(n).
3
Let i(f) = -f - 6 + 2*f**2 - 2*f**2 + f**3 - 7. Suppose -3*v + 4*v = 0. Calculate i(v).
-13
Let q(d) be the second derivative of 4*d - d**2 + 0 - 1/2*d**3. Let j = -6 + 3. What is q(j)?
7
Let r(m) = -m**2 + 3*m - 3. Suppose a - 3*k = -5*k + 6, -18 = -5*a - 4*k. Suppose y = 0, -a*w + 4*y + 8 = -w. Suppose -4*j - 16 = -w*j. Determine r(j).
-7
Let k be (-4 + 2)*10/(-4). Suppose 3*c + 4 = -3*b - b, -5*b - k*c - 5 = 0. Let j(i) = 5 - 2*i**3 + 3*i**3 - 4. Determine j(b).
0
Let s(k) be the second derivative of 1/12*k**4 + 3*k**2 - 10*k + k**3 + 0. Let m be 22/(-4) - (-1)/2. Give s(m).
1
Let b(i) = 3*i**3 - 6*i**2 - 2*i + 7. Let l(v) = -9*v**3 + 17*v**2 + 6*v - 20. Let g(a) = 17*b(a) + 6*l(a). Determine g(1).
-2
Let m = 3 + -2. Let x(l) = 5*l - 2*l**2 - 2*l + m - 5*l. Suppose -5*y - 2*y + 7 = 0. What is x(y)?
-3
Let z(o) = o**2 - 13*o + 14. Let u be z(12). Let s(x) = -5*x - 2*x + u*x + 6 + 4*x. Give s(-6).
12
Let y(m) = -2*m**2 + 20*m - 3. Let o be y(9). Let z = o - 19. Let l(i) = -i - 3. What is l(z)?
1
Let f(n) be the third derivative of -n**5/60 - n**4/6 + 5*n**3/6 + 11*n**2. Determine f(-4).
5
Let i(k) = k**3 - 3*k**2 - 4*k + 3. Let v(p) be the second derivative of -p**3/6 + p**2 - p. Let n be v(5). Let w be (n/9)/((-2)/24). Give i(w).
3
Let n(h) = -2 + 4*h - 3 + 3*h - h - 10*h**2. Let b(s) = 10*s**2 - 5*s + 4. Let l(x) = 5*b(x) + 4*n(x). Determine l(-1).
11
Let i = -2 + 8. Let g(a) = i + 5*a - 2 + 0*a - a**2 - a. Let c be g(4). Let v(x) = -x**2 + 5*x + 1. Calculate v(c).
5
Let m(l) = -2*l + 3. Let x be m(3). Let w = x - -6. Let i(h) = -h + 0*h**w - 8*h**3 - 2*h**2 - h**3 - 4*h**3. What is i(-1)?
12
Let p be 1 + (0 - 0)/(2/1). Let h(u) = 26*u**2 + u. What is h(p)?
27
Let k(o) = -8*o**2 - 4*o - 3. Let c(q) = -q**2 - q - 1. Let s(g) = 3*c(g) - k(g). Give s(-1).
4
Let v(c) be the first derivative of -c**7/840 - c**6/72 + c**5/60 + c**4/4 - 2*c**3 + 4. Let n(r) be the third derivative of v(r). What is n(-5)?
-4
Let o(d) = -d**3 + 3*d**2 + 3*d + 3. Suppose -6*l = -3*l - 9. Determine o(l).
12
Let d(j) be the second derivative of j**3/6 + j. Let z = 5 - 8. Determine d(z).
-3
Let x = 11 + -9. Let i(q) be the third derivative of -x*q**2 - 1/60*q**5 + 0*q + q**3 + 0 + 0*q**4. Calculate i(0).
6
Suppose -5*c = -6*c - 3. Let f(i) = 8*i. Calculate f(c).
-24
Let m(s) = -s**2 + 4 - 15 + 5 + 5 + 4*s. Suppose 4*v - 9 = 7. Suppose -v*b = -3 - 17. Give m(b).
-6
Let u(p) be the first derivative of 8*p**3/3 - p + 46. What is u(1)?
7
Let o(r) = 10*r**2 - 2*r + 1. Let q be o(1). Suppose 0 = -3*y - 3*b - q, -y + 5 = -4*y - 5*b. Let u(a) = a**3 + 6*a**2 + 6*a - 2. Determine u(y).
-7
Let r = 28 - 29. Let m(q) = -10*q**2 - q. Give m(r).
-9
Let c(v) = 6*v**3 - 2 + v - 2*v**3 - 4*v**3 + v**3. Suppose n + 12 = -3*k, -3*k - k - 16 = n. Give c(n).
-2
Let g be -1 + -1 + 4 + -2. Let k(r) be the first derivative of 7*r + 1/2*r**2 - 1. What is k(g)?
7
Let r(k) = -3*k**2 - 2*k - 1. Let m(h) = 16*h**2 + 10*h + 6. Let a(x) = -2*m(x) - 11*r(x). Let n be a(-2). Let u(d) = -2 + 3*d + 2. Determine u(n).
-3
Let m(y) = -4*y**3 + 19*y**2 + 3*y - 6. Let l(j) = j**3 - 6*j**2 - j + 2. Let i(f) = -7*l(f) - 2*m(f). Suppose -15*u + 9 = -18*u. Give i(u).
4
Let k(b) = 2*b. Suppose 15 = -4*t - 5. What is k(t)?
-10
Let i(j) = 4*j - 4 + 3*j - 3*j + 8 + j**2. Give i(-4).
4
Let j(r) = r**3 + 4*r**2 - 2*r. Let u be 2*3/(-6) - (-7 - -10). Calculate j(u).
